 of 1 and i?
1
Let w(s) = 2 - 5*s + 7*s + 3*s. Let z be w(2). What is the greatest common divisor of 132 and z?
12
Suppose -3*b + 8 = -0*x + x, 4*b - 41 = 3*x. Let j be 26/7 - 2/x. Calculate the greatest common divisor of j and 10.
2
Let a = 1931 + -1253. Suppose -3*t + a - 237 = 0. Suppose -2*p - 37 = -t. Calculate the greatest common factor of p and 22.
11
Suppose 374 = 7*h - 578. What is the greatest common divisor of 8 and h?
8
Let n(u) be the first derivative of -4*u**2 + 4. Let i be n(-1). Suppose i*z - 40 = 3*z. Calculate the highest common divisor of z and 20.
4
Suppose 0*x + 12 = 2*x. Calculate the highest common divisor of x and 12.
6
Suppose -5*h + 120 - 5 = 0. Suppose -h = -4*o + 3*a + 21, 3*a - 44 = -4*o. Calculate the highest common factor of 44 and o.
11
Let z = 9 - 9. Let b(w) = w + z*w + 7 - 3. Let v be b(-3). Calculate the greatest common divisor of 1 and v.
1
Let b = -16 + 40. Calculate the greatest common divisor of b and 36.
12
Suppose -17*v - 2 + 53 = 0. What is the greatest common divisor of 5 and v?
1
Let w(g) = -g + 1. Suppose -4*x + 12 + 12 = 0. Suppose 4*v = x*v + 6. Let k be w(v). What is the greatest common factor of k and 2?
2
Suppose 3*n - n - 143 = 3*o, 5*o = 5*n - 355. Let j(q) = -q**3 + q**2 - 2. Let w be j(-2). What is the greatest common factor of n and w?
10
Let v be (21 - (-3)/(-3))/1. Suppose 510 = 5*g + v. What is the highest common divisor of 14 and g?
14
Suppose -4*s = -3*s - 2. Calculate the highest common factor of s and 8.
2
Let t be ((-5)/(-10))/(2/(-4)). Let y(b) = -63*b. Let u be y(t). What is the highest common divisor of u and 9?
9
Suppose -16 = -3*p + 2*p. Suppose -3*f + h = -p - 14, -5*f + 30 = 5*h. What is the greatest common factor of f and 63?
9
Suppose 12 = z - 0. Let c be (-2)/((-4)/(-30)) - -1. Let f = -6 - c. What is the greatest common factor of z and f?
4
Let w be (-10)/((3/1)/(-24)). Calculate the greatest common divisor of 16 and w.
16
Suppose 6 = -3*i, 4*x - 2*i - 786 = i. Calculate the highest common factor of 15 and x.
15
Let b(q) = 80*q - 1. Let t be b(-1). Let m = t - -257. Calculate the highest common factor of 22 and m.
22
Suppose 2*u = u + 4. Let m = 41 - -3. Calculate the highest common factor of u and m.
4
Suppose 0 = -5*d + 3*m + 613, 2*d - m = m + 242. What is the highest common divisor of d and 50?
25
Let z = -16 - -21. Suppose -255 = -z*r - 5*k, 0*k - 25 = 5*k. What is the highest common factor of 14 and r?
14
Let h be 10/2 - (-12)/4. Let y be (-2)/h + 265/20. Calculate the greatest common factor of 39 and y.
13
Let n be -2*(-5)/(-20)*-28. What is the greatest common divisor of 35 and n?
7
Let d be (-19950)/(-125) + -1 + (-7)/(-5). What is the highest common factor of 40 and d?
40
Let q(t) = -46*t**3 + t**2 - 1. Let a = -5 + 4. Let z be q(a). Suppose 3*f - z = -10. What is the highest common factor of f and 108?
12
Let s(j) = -j - 1. Let w be s(3). Let o = w + 19. Calculate the highest common divisor of o and 60.
15
Suppose 53 = v - 67. What is the greatest common factor of v and 48?
24
Let o(g) = g**2 + 6*g - 4. Let u be o(-8). Calculate the highest common divisor of u and 108.
12
Suppose -8*y = -4*y + 112. Let v = -13 - y. What is the highest common factor of 5 and v?
5
Let p = -105 - -117. Suppose 0 = -2*c - 3*c. Suppose -6*t - g = -4*t - 8, c = 4*t - 2*g - 32. What is the greatest common factor of p and t?
6
Let y be (-2)/(-2) + 1 - -4. Let g(f) = 41*f**2 + 1. Let w be g(1). Calculate the highest common factor of w and y.
6
Let t be 169/9 + (-8)/(-36). Suppose 10 = 3*z - z, -t = q - 5*z. What is the greatest common divisor of q and 3?
3
Suppose 33 + 22 = 5*k. What is the highest common divisor of 66 and k?
11
Suppose -2*z + 3*p + 13 = 0, -2 + 13 = z - 3*p. Suppose 70 = z*t + 3*t. Calculate the greatest common factor of 35 and t.
7
Let j(i) = 2*i + 15. Let n be j(-3). Calculate the greatest common factor of n and 9.
9
Suppose -5*g + a = -120, -2*a = 5*g - 49 - 71. Let v be g*(4 + (-1 - 2)). Calculate the greatest common factor of v and 3.
3
Suppose i + 2*r - 10 = 0, 0 = -5*i - 4*r + 6 + 32. Let d be (-1)/6 - (-391)/i. What is the highest common divisor of d and 26?
13
Suppose -150 = -4*n + 30. Calculate the greatest common factor of n and 18.
9
Suppose -12 - 5 = -x. Suppose -5 = l - 2*l, 2*r - 126 = 2*l. Calculate the highest common divisor of r and x.
17
Let w = -11 + 35. Suppose -7*o + w = -3*o. What is the greatest common factor of o and 4?
2
Let n(y) = 2*y**2 + y + 2. Let m be n(-2). Suppose -7*u = -3*u - 64. What is the highest common factor of u and m?
8
Let l be 4 + (3/7 - (-484)/14). Calculate the greatest common divisor of l and 26.
13
Let s(l) be the second derivative of l**3/6 + 5*l**2 + 2*l. Let g(c) = -4*c + 28. Let k be g(9). Let m be s(k). What is the highest common divisor of m and 3?
1
Let t(m) = -m - 1. Let z be t(-7). Suppose -a + z*a = -4*c + 393, -3*a = -3*c - 225. Let i be (28/6)/(8/12). Calculate the greatest common divisor of a and i.
7
Let h = -37 - -47. Suppose -v = -3*z - 25, -3*z + 2 = v + 7. Calculate the greatest common divisor of v and h.
10
Let c(q) = 2*q**2 + 4*q - 18. Let d be c(-9). What is the highest common divisor of 162 and d?
54
Let s(b) = -43*b + 3. Let x(o) = o - 1. Let a(y) = -s(y) - 4*x(y). Let t be a(1). Calculate the greatest common factor of 5 and t.
5
Let o(c) = 3*c**3 - 2*c - 1. Let z(f) = -f**2 - 6*f - 1. Let u be z(-6). Let d be o(u). Let y = 2 - d. Calculate the greatest common divisor of y and 12.
4
Suppose -5*u = -52 + 17. Suppose 0 = 4*k + 12, 2*r + 3*k - 8 + 3 = 0. What is the highest common divisor of u and r?
7
Let r be 6 - 1/2*4. Suppose 0 = -3*o + 2*y + 7, 0*y + r*y = 4. Suppose 4*g = -o*v + 546, -2*g + 274 = -2*v + 4*v. What is the highest common factor of 15 and g?
15
Let u(y) be the second derivative of y**3/6 + y**2 - 2*y. Let s be u(-4). Let q be s*(-2 - (-3)/(-3)). Calculate the highest common factor of 24 and q.
6
Let d be (-28)/49*98/(-4). Let l be 8*(2/(-2) - -15). Calculate the greatest common divisor of d and l.
14
Let q = 16 - 4. Let a = q - 8. Calculate the greatest common divisor of 16 and a.
4
Suppose -p + 0 = -3. What is the greatest common factor of 3 and p?
3
Suppose 3*f - 14*f = -22. Calculate the highest common factor of f and 2.
2
Let s(c) = c**2 + 6*c + 7. Let z be s(-7). Calculate the highest common factor of z and 70.
14
Suppose j = 2*j - 3. Let i be j/((-9)/6) - -5. Suppose 5*f - 2*v = i*v + 65, 0 = v - 5. What is the greatest common factor of 27 and f?
9
Let a(y) = y + 49. Let p be a(6). Calculate the greatest common divisor of 22 and p.
11
Let l(r) = 12*r**2 - 2*r - 2. Let w be l(3). What is the greatest common divisor of w and 10?
10
Suppose 2*i = 5*i - 36. What is the highest common divisor of i and 24?
12
Suppose -4*b = -2*k + 44, -3*k = -b - 52 - 34. Calculate the highest common factor of 20 and k.
10
Let n(s) = s**2 + 12*s + 10. Suppose 0 = 3*d - r + 37 - 0, 2*d + 22 = -2*r. Let m be n(d). What is the highest common factor of 30 and m?
10
Suppose 8 = 2*l - 4*q - 2, -3*q = -6. Calculate the greatest common divisor of l and 9.
9
Suppose -o + 5*n = 3*o - 237, -5*n + 330 = 5*o. Calculate the greatest common divisor of 9 and o.
9
Let d be 1/2 + (-51)/6. Let p be (-2)/d + (-471)/12. Let h = p + 59. What is the highest common divisor of h and 10?
10
Let k(s) = -s**2 - 8*s + 11. Suppose 24 + 4 = -2*x. Let c = x - -6. Let g be k(c). Calculate the highest common factor of 44 and g.
11
Suppose 2*n + 170 = 2*o, n - 3*n + 446 = 5*o. Let i(v) = -5*v + 1. Let t be i(-2). What is the greatest common divisor of t and o?
11
Let l be ((-434)/4)/(-7) + 5/(-10). Calculate the highest common divisor of 3 and l.
3
Let k = -21 + 40. What is the highest common factor of k and 38?
19
Suppose 3*k + 4*t = 210, -5*k + 350 = 3*t - 2*t. What is the greatest common divisor of 28 and k?
14
Let d = -52 + 88. Calculate the greatest common factor of d and 9.
9
Let o = -22 - -47. Calculate the highest common divisor of 10 and o.
5
Let x(r) = -r**3 - 3*r**2 - 2*r - 3. Let b be x(-3). Let m(h) = h - 1. Let s be m(22). Calculate the highest common factor of s and b.
3
Suppose 3*d + 5*u + 4 = 0, 2*d + 3*u - 14 = 8*u. Let g be (-2 - d)/4 - -20. Calculate the greatest common factor of 171 and g.
19
Suppose -30 =